 1 + 18 - 11 - u. List the prime factors of d(n).
31
Suppose -620 = -40*y + 36*y. What are the prime factors of y?
5, 31
What are the prime factors of (-61321)/(-143) + 10/55?
3, 11, 13
List the prime factors of -4 + 144/32 - 6729/(-2).
5, 673
Suppose 2*s - 338 = 2*f, 0 = -4*s + 3*f + 912 - 232. List the prime factors of s.
173
Let h = 1118 - 640. List the prime factors of h.
2, 239
Suppose 13*k + 2304 = 22*k. List the prime factors of k.
2
Let t(u) be the third derivative of 11*u**4/12 + 13*u**3/6 - 13*u**2. List the prime factors of t(3).
79
Let o = 1890 - 965. List the prime factors of o.
5, 37
Let w(b) = -b**3 - 3*b - 3. Let k be w(-2). Let t(l) = l**2 - 4*l - 25. What are the prime factors of t(k)?
2, 13
Let j = 8 - 3. Suppose 3*c - j*o - 1 = c, -4*o = -2*c + 2. Suppose c*q + 6 = 42. List the prime factors of q.
2, 3
Suppose 5*y = 2*z + 107 - 375, 0 = -3*z - y + 419. Let v = -4 - -71. Let a = z - v. What are the prime factors of a?
2, 3
Let a(h) = h**3 + 14*h**2 + h + 18. Let t be a(-14). Suppose 2*q = -2*q - t*y + 368, -5*q + 2*y + 495 = 0. List the prime factors of q.
97
Let n = -1498 - -3966. List the prime factors of n.
2, 617
Let b = 6 + -14. Let l = b - -17. Let w(u) = -u**3 + 8*u**2 + 11*u - 11. List the prime factors of w(l).
7
Let w(s) = s**3 + 21*s**2 - s - 17. Let t be w(-21). Suppose -2*v = -t*p - p - 295, 5 = p. What are the prime factors of v?
2, 5
Let r(b) = -32 - 10*b + b**2 + 15*b - 8*b - 6*b. What are the prime factors of r(15)?
2, 29
Let f = 27 - 30. Suppose -2*z + z - 6 = 0. What are the prime factors of f - (-3 + 0 + z)?
2, 3
Let r(f) = -f**2 + 6*f + 10. Let j be r(7). Let g(i) = i + 4. Let p be g(-2). Suppose -p*t + 42 = 2*a + 2*a, 131 = 5*t - j*a. List the prime factors of t.
5
Suppose 0 = 39*m + 5*m - 88792. List the prime factors of m.
2, 1009
Let p(x) = -31*x + 43. List the prime factors of p(-9).
2, 7, 23
Let d = 40 - 4. Let p be (4 - d/15)*20. Suppose 145 = 5*v + 3*k, -p - 7 = -2*v - 5*k. List the prime factors of v.
2
Let u(j) = -j - 18. Let k be u(-9). What are the prime factors of (k + (-2 - -6))*-8?
2, 5
Let n = -215 + 113. Let r = n - -125. What are the prime factors of r?
23
Let f(o) = 5*o + 15. Let k(s) = 2*s + 7. Let d(j) = 4*f(j) - 9*k(j). Let i be 3 + -2 + 1 + 3. What are the prime factors of d(i)?
7
Let n(w) = -w**2 - 1. Let d(r) = -r**2 + 2*r + 1. Let c be d(2). Let j(z) = 2*z**2 - 4*z - 9. Let x(u) = c*n(u) + j(u). What are the prime factors of x(9)?
5, 7
Let v = 35 - -583. What are the prime factors of v?
2, 3, 103
Let r be (4/(-6))/((-11)/33). Suppose 2*v - 3*o = 3, 2*o + 2 = -2*v - r*v. Suppose v = -5*p + 7*p - 4. List the prime factors of p.
2
Suppose 2*q + 7717 = -0*f + f, 3*f = 15. List the prime factors of q/(-88) - 4/(-22).
2, 11
Let i = 109 - -257. List the prime factors of i.
2, 3, 61
Suppose -4*f + 4 = -2*f. Let l = -14 - -20. Suppose 42 = 4*k - u, -f*u = u - l. List the prime factors of k.
11
Suppose 18*j = 4*j + 12*j. Suppose j = -15*p + 11*p + 408. What are the prime factors of p?
2, 3, 17
Suppose -474 = -10*g + 3996. What are the prime factors of g?
3, 149
Suppose 0 = 13*w + 7*w - 5080. What are the prime factors of w?
2, 127
Let n(d) = 3*d - 10. Let k(t) = t. Let x(m) = -2*k(m) + n(m). Let b be x(-5). Let p = -8 - b. List the prime factors of p.
7
Suppose 575 + 2435 = 10*n. List the prime factors of n.
7, 43
Let g(f) = f**2 - 4*f + 4. Let d be g(3). Let u(i) = 22*i**2 + 4*i. Let q be u(-1). What are the prime factors of (4 + (-2)/d)*q?
2, 3
Let r(h) = 8*h**2 - 17*h - 89. List the prime factors of r(-6).
7, 43
Let a = 26 + -21. Suppose -14 = -5*y + 4*y + l, -30 = -a*y - 5*l. What are the prime factors of ((-4)/y)/(1/(-80))?
2
Let g(y) = 2*y**3 - 20*y**2 + 68*y + 5. List the prime factors of g(15).
5, 131
Let m(x) = 12*x - 15. Let q be m(10). Suppose -3*j + 48 = -q. List the prime factors of j.
3, 17
Let b(m) = m - 4. Let c be b(8). Suppose 0 = d + c*d. Suppose -3*w = -d*w - 84. What are the prime factors of w?
2, 7
Let w be (-224)/49 - (-18)/(-42). Let j(t) = -2*t - 7*t**2 - 3 + t**3 + 7*t**2 + 7*t**2. What are the prime factors of j(w)?
3, 19
Suppose 8 = 2*c - 10. Let p(s) = -s**3 + 9*s**2 + 2*s + 7. List the prime factors of p(c).
5
Let x = -299 - -458. What are the prime factors of x?
3, 53
Suppose -2*p + p = 16. Let n = p + 13. Let k(z) = -z**3 - z**2 - 2*z - 4. List the prime factors of k(n).
2, 5
What are the prime factors of 6426/(-4)*(-138)/69?
3, 7, 17
Let i = -677 + 3737. Suppose 0 = 4*j - 22*j + i. What are the prime factors of j?
2, 5, 17
Let a = -96 + 49. Let u = a - -87. List the prime factors of u.
2, 5
Let c(m) = 57*m**2 - 9*m - 16. List the prime factors of c(7).
2, 23, 59
Suppose 4*a - 361 = 163. Suppose -25 = q - a. What are the prime factors of q?
2, 53
Let h(g) = -14*g - 103. List the prime factors of h(-12).
5, 13
Let m(j) = -j**3 + 9*j**2 - 6. Let r be 162/(-12)*2/(-3). Let s be m(r). What are the prime factors of 2/s*(-61 - -1)?
2, 5
Let d be (4/(-2) - -5) + 1. Suppose 0 = d*b - 9*b - 3*q + 667, -2*b - 5*q = -263. What are the prime factors of b?
2, 67
Let g be 47 - (-1)/(4/12). Suppose -5*c = -g - 55. Let i = c - 17. List the prime factors of i.
2
Let y be (-9)/(-3*3/36). Let f = 43 + y. What are the prime factors of f?
79
Let u be (-33 - -10)/(2 + -3). Let j = 48 - u. List the prime factors of j.
5
Suppose -5*h - 3643 = -5*w + 957, -4*h + 2746 = 3*w. What are the prime factors of w?
2, 3, 17
Let g = 6 + 0. Let c(i) be the first derivative of i**3/3 - i**2 - 7*i + 406. What are the prime factors of c(g)?
17
Let d(u) = -272*u - 160. List the prime factors of d(-8).
2, 3, 7
Let y = -227 - -76. Let l = y + 231. Suppose -3*m + 2*n = -l, -2*m - 3*m + 112 = 2*n. List the prime factors of m.
2, 3
Let x = 0 - -7. Let b(i) = -8 + 0*i**2 - 2*i + i**2 + 0*i**2. List the prime factors of b(x).
3
Let s(k) = -35*k + 2. Let o be s(-4). Let j = 168 - 94. Suppose 4*d - o = 2*m, -2*d = -0*m + 2*m - j. What are the prime factors of d?
2, 3
Suppose -i + 5*i - v = 380, 380 = 4*i + v. Let q = -10 + i. What are the prime factors of q?
5, 17
Let g = 20 - -11. Let k = 0 - g. What are the prime factors of (-56)/14 - (k + -1)?
2, 7
Suppose -4*y - 5*y + 18 = 0. Suppose 3 = y*u - u. List the prime factors of (11 - 2) + (u - 1).
11
Suppose -4*g = v - 404, -5*v + g = -g - 2086. List the prime factors of v.
2, 13
Suppose -97 = -74*f + 73*f - 3*l, 2*l = -2*f + 210. What are the prime factors of f?
109
Let x(s) = s**3 - 2*s**2 - s + 2. Let d be x(5). Suppose -2*y - 332 = -2*f, 4*y - d = -2*f + 242. What are the prime factors of f?
163
Suppose 0 = -0*g - 4*g + 5*n + 21966, 2*g = 2*n + 10982. What are the prime factors of g?
11, 499
Let c(a) = a - 9. Let o be c(4). Let v = 13 + o. Suppose t - 26 = v. What are the prime factors of t?
2, 17
Let g be 4*(-3 + -4 + 8). Suppose -109 = 3*w - 4*w - 2*d, g*w - 5*d - 436 = 0. What are the prime factors of w?
109
Let w(q) be the third derivative of -q**6/120 - 13*q**5/60 - q**4/6 + 5*q**3/2 - 23*q**2. List the prime factors of w(-13).
67
Let h be 1 + -4 + 3 + 0. Suppose 14 = -h*m - 2*m. What are the prime factors of ((-21)/6)/m*14?
7
Let b be ((-192)/14)/(2/(-14)). Suppose 0*f = -2*f - b. What are the prime factors of (-231)/(-4) - f/(-64)?
3, 19
Suppose -4*n + g - 1196 + 13845 = 0, -4*g - 20 = 0. What are the prime factors of n?
29, 109
Suppose 0 = -5*d + 2*d + 2505. List the prime factors of d.
5, 167
Suppose -12*q = -9*q - 951. What are the prime factors of q?
317
Suppose 12*s - 1496 = 8*s. List the prime factors of s.
2, 11, 17
Let m = -183 + 313. Let c(y) = y**2 - 10*y + 5. Let r be c(10). Suppose -r*i = 3*a - m, 18 = -5*i + 2*a + 173. List the prime factors of i.
29
Let x(j) = j**3 - 6*j**2 + 6*j - 23. Let o = -16 - -25. What are the prime factors of x(o)?
2, 137
Let q(h) = -60*h - 89. What are the prime factors of q(-8)?
17, 23
Suppose 18 = 5*g - 37. Let w = g - -37. What are the prime factors of w?
2, 3
Let p(y) = y**3 + 15*y**2 - 2*y - 23. Let j be p(-15). Let u(m) = m**2 + 2*m - 8. What are the prime factors of u(j)?
5, 11
Suppose 0*v - 1482 = -4*i - 3*v, 5*v = -i + 379. Suppose 0 = -3*m - 2*n + 697, 2*m - 101 = -4*n + i. What are the prime factors of m?
3, 7, 11
Suppose -4788 = 20*b - 12148. Let v = b - 200. What are the prime factors of v